-10
What is -11 + 3 + (1 - -4) + -1?
-4
What is -14 + -13 - -5 - -14?
-8
What is -12 + (-9 - 19) - (1 - 2 - 4)?
-35
What is 9 + 0 + -22 + (-2 - 5)?
-20
-37 - (2 - (-12 + -2 + 28))
-25
Evaluate 3 + (-14 - -3) - (16 + (-1 - 11)).
-12
Calculate (-1 - (10 - -1 - 6)) + (-21 - -20).
-7
Evaluate 19 - (24 + 30 + -74).
39
What is 1 + (-1 - 21) - (8 - -22 - 28)?
-23
What is the value of 9 + 3 - (-21 + 28)?
5
What is the value of -3 - 0 - (36 - 36)?
-3
33 + -26 + (-14 + 19 - (-3 + 2))
13
What is the value of -27 + 14 + 8 - -7?
2
What is (27 - 40 - 13) + 4?
-22
What is -13 - -20 - (-6 - (-6 - -3))?
10
What is the value of -6 + 26 + 30 + -55 + (1 - -2)?
-2
Calculate 9 + -4 + 0 + 1 + (13 - 18).
1
What is the value of -34 + 1 - (354 - 394)?
7
0 + -2 + -3 + (14 - -6)
15
Calculate 12 - 36 - -45 - -8.
29
What is -8 + (1 - (0 + -3)) + 0?
-4
Calculate 0 + -5 + -1 + -1 - (201 + -198).
-10
(13 - 1) + (27 - 12 - 14)
13
What is 1 + 0 + (-4 - (-7 - (-5 - -1)))?
0
Evaluate -7 + 3 + -4 + -2 + -47 + 39.
-18
What is the value of -21 + 7 + 14 + 7 + -1?
6
Evaluate 5 - -26 - 46 - -35.
20
What is the value of -12 + (-3 - 1) + 34 + -34?
-16
1 - (0 + 7) - (120 - 115)
-11
Calculate (51 - 71) + (0 - -14) + 5.
-1
What is the value of -5 + (10 + 8 + -16 - 10)?
-13
Evaluate 15 - (4 - -8) - 6.
-3
Calculate 7 + -315 + 299 + -2 + 5 + 2.
-4
What is the value of 3 + -1 - (35 + -33 + -7)?
7
Calculate -16 - (33 - (-26 - -93)).
18
Calculate 0 - -6 - 19 - -5 - -1 - -18.
11
Evaluate (11 - (2 + -7 + 6)) + 3.
13
Calculate 0 + 0 - 10 - (-2852 - -2847).
-5
What is the value of -9 - (35 - 41) - 31?
-34
Evaluate (2 - -8) + (1 - 6) + 5.
10
What is 4 + 4 + -14 - (2 + -35)?
27
Evaluate 784 + -769 + (-5 - 1).
9
Evaluate 10 + 17 - (-4 - (-14 - -4 - 0)).
21
Calculate -1 + 2 + (-35 - 20) + 50.
-4
What is (1 + 0 - 3) + -72 + 67 - -20?
13
Calculate 3 + (-27 - -27) + (-2 - -2 - -10).
13
(-36 - -36) + (-2 - (5 + -2))
-5
What is the value of (17 + -6 + -15 - 7) + 25?
14
What is (0 - 8 - 3) + -1 + 9?
-3
What is 2 + 0 - (173 + -157)?
-14
Calculate 7 - -12 - 36 - (10 - 7).
-20
Calculate -3 + 2 + (-64 - -75).
10
(6 - -2) + -1 - -4
11
Evaluate -16 - 6 - (12 - (2 + 17)).
-15
What is the value of (-3 + 9 - (22 - 4)) + -3?
-15
What is the value of -52 + 0 + (-46 - -58) - -11?
-29
(0 - 5) + ((-7 - -10) + 1 - -4)
3
Calculate -170 + 170 + (12 - -1).
13
What is -188 + 183 + 0 + 17?
12
Calculate 18 + 1 - (428 - 416).
7
Calculate 13 - (-15 - (-15 + 17 - 55)).
-25
What is the value of 34 + -16 - ((-2 - -2) + -5 + 7)?
16
What is -7 - 0 - (274 + -279)?
-2
Calculate -2 + (-17 + (9 - -1) - -14).
5
Calculate (4 - 2) + -14 + (-46 - -35).
-23
Calculate -10 - (5 + (2 - 3) + (-13 - -26)).
-27
Calculate 7 + (-10 - (-7 - (1 - 11))) + 6.
0
Evaluate (-3 + 10 - 13) + 0 + 0 + -4.
-10
917 - 928 - (-1 + (5 - 2))
-13
Calculate -23 + (2 - 24) + 25.
-20
What is the value of -19 + 1 - (-21 + 24)?
-21
What is the value of -17 + -1 - (2 + (-3 + -11 - -7))?
-13
Calculate (-3 - (-9 - -2)) + -32 + 10 + 14.
-4
What is -1 - (-5 + (-7 - -10 - -3 - 11))?
9
Evaluate 10 + (-9 - 11) - -15 - 4.
1
(2 - 11) + 8 + -27 + 24
-4
What is 11 - (-7 + (17 - 14))?
15
Calculate 213 + -208 + -1 + 3 + -19.
-12
Calculate 10 - 19 - (-17 + -1).
9
-6 + 12 + 16 - 13
9
What is the value of -6 - (9 - (-6 - -17)) - (0 - 2)?
-2
(-5 + -1 - (17 - 17)) + 2 + 10
6
-13 - (5 - (5 - -14))
1
Evaluate 11 + -4 + (14 - 1).
20
What is (24 - 15 - (21 - (-2 + -3))) + 1?
-16
What is the value of -19 + (-24 - -19) - -21?
-3
-10 + (-3 - (-8 - -7) - -41) + -4
25
What is the value of 4 + (-4 - -2) + 5 + -11?
-4
What is the value of 33 + -36 - -35 - 11?
21
What is 2 + (1 - 2 - (4 + -7)) + 4?
8
What is the value of -12 - (-13 + (16 - 12) - 10)?
7
Evaluate (4 - -1) + 128 + -145.
-12
Calculate (9 + -22 + 4 - -1) + -2.
-10
Evaluate (-5 - 6 - -3 - -16) + -3.
5
7 + 17 + (-12 - -3) + -2 + -30
-17
Calculate -35 - (-3 + 3 + (-2 - 10 - -6)).
-29
Evaluate (1 + 2 - (-15 - (10 - 13))) + -5.
10
Calculate -222 + 205 + (3 - -27).
13
What is -38 - -25 - 14 - -10?
-17
What is the value of 1 + -2 + 1 + (1028 - 1023)?
5
-3 - 8 - (-11 - (0 + -6))
-6
What is -5 - (-7 - (9 + -9)) - -3?
5
What is 19 + -6 + (7 - 13) - (1 + 8)?
-2
Evaluate -8 - (-1 + (8 - 6)).
-9
Calculate (12 - 12 - 14) + 8 + 4.
-2
Calculate -1 + (-14 - -28) + -13 + 15 + -1.
14
Calculate -11 + (-1 - (-51 + 11)) + (-10 - -5).
23
What is the value of -20 - (2 + -3) - (-42 - -33)?
-10
What is -2 + 2 - (-96 + 107)?
-11
Evaluate -62 + 47 + (-2 - 4 - -4).
-17
What is (2 - 0) + -32 + -14 + 46?
2
What is the value of -16 + -7 + 14 - -17 - 1?
7
Calculate (-7 - (-3 - 1 - 11)) + -6 + -5.
-3
What is the value of 9 - (12 - 23 - 7)?
27
Calculate 164 - 175 - (-24 + -1).
14
What is 38 + -48 + 2 + 6 + 4 + 1?
3
Calculate -1 - (-1 - -2) - (269 - 248).
-23
Calculate (27 - 14) + (-1 - 14).
-2
19 + -22 + (-6 - -41) + -2 + -6
24
Evaluate 24 + -31 - (1 + -1) - -29 - -4.
26
What is -9 + (8 - -2) - 3?
-2
What is the value of 16 + (8 - 3) - 20?
1
38 - (-19 + 42) - (5 - (-4 - -6))
12
What is the value of -8 - (-16 + 10 + -2 - 8)?
8
-8 + 2 + 4 + 2 - -13
13
-1 + -24 - -31 - 24
-18
Evaluate (1 + -13 - -14) + 8 - 37.
-27
Calculate -2 + 6 - 3 - (9 + 0 + 1).
-9
Calculate -4 - 1 - (-6 + -2 - (8 - 13)).
-2
Evaluate -10 + (25 - 20 - -18).
13
What is (-36 + (-14 - -6) - -9) + 2 + -4?
-37
Calculate (3 - (-1 - 5) - (-1 + -2)) + -5.
7
What is -2 + 1 - -6 - (37 + -12 + -27)?
7
What is the value of -2 + (8 - -8 - 22)?
-8
What is the value of -7 + -3 + 35 + -24?
1
Calculate -3 + 25 + -24 + 11.
9
Evaluate 13 - 2 - (-21 - -16 - -23).
-7
What is -9 - (-3 - ((3 - -1) + -5)) - -2?
-5
What is the value of -9 + 6 + 3 + -15 - -3?
-12
What is 8 + 2 + -4 + -7 + 3 + 9?
11
Evaluate 0 + 12 - (0 - (-1 + (1 - -4))).
16
Evaluate (-3 - 2) + (-1677 - -1685).
3
What is -50 - -47 - -14 - (1 + -13)?
23
Calculate (-2 - (-20 - -9)) + -22.
-13
Calculate 17 + -21 + (7 - -3) + -23.
-17
(-11 + -3 - (0 + 9)) + (9 - 1)
-15
What is (267 - 266) + (-3 - (-15 - 3 - 0))?
16
(-1 - -13) + -19 + -5
-12
What is -3 + 4 + 0 + 1 + (-17 - 1)?
-16
Evaluate (-11 - (2 - (-1 - 1))) + 10 + -8.
-13
-4 - (15 - 7 - (0 - -5))
-7
What is the value of -7 - 0 - (11 + (-13 - 10) - -1)?
4
6 - ((-15 - -15) + -12)
18
-2 + 13 - (-1 + -9 - -8)
13
Calculate -2 + 4 + (2 - 10) + 4 + 1.
-1
What is the value of 1 - ((-24 - -39) + (2 - 4))?
-12
What is -16 - (-12 - (-9 + (-6 - -11)))?
-8
Calculate 0 - (-12 + 9 + -24 + 9).
18
-840 + 860 + 14 + 6 + -3
37
(-9 - (-17 + 10)) + 12
10
Calculate 19 + -52 - -11 - -42.
20
Evaluate -9 + (-7 - -2 - -14) - 9.
-9
Calculate 2 + (-4 - -3) - (-8 + 13).
-4
-13 + ((9 - 21) + 42 - -3)
20
What is the value of (69 - -2) + -29 - 71?
-29
14 - (-38 - -28 - -19)
5
Evaluate 57 + (1 - (29 - -7)).
22
What is -2388 - -2401 - (2 + (34 - -2))?
-25
Evaluate (-6 - -2) + (-3 - (0 + -3)) + -2.
-6
-6 - (-38 - (24 + -36))
20
Calculate -8 - (-20 - 0 - -14).
-2
What is the value of 0 + (-3 - 2) + (11 - (10 + -4))?
0
Evaluate 3 + 9 + 1 + (165 - 168).
10
Evaluate 10 - (-18 + 11 + 4 + 3) - 8.
2
Evaluate -5 + 3 + 21 - (10 - (5 + 1)).
15
Evaluate -3 + 7 + -4 - -10.
10
What is -6 - (-12 + -10 + 25) - 3?
-12
Evaluate (7 - (-1 - -3)) + (-1 - (3 - 4)).
5
What is 29 - 29 - (3 + 0 + 0 - -1)?
-4
Calculate (49 - (10 - -24)) + -32.
-17
Calculate 4 + (-1 - 2) + -13 + 12 + 16.
16
Calculate 4 + -17 + 0 + 5 + -6.
-14
Evaluate 12 - ((-3 - 3) + 23 + 21).
-26
100 - 102 - (6 + -2)
-6
Evaluate -2 + (-4 - -14) - (-17 - -22).
3
Calculate 0 + -3 + -11 + 3 - -13.
2
What is -68 + (29 - 43) + 50?
-32
Calculate 31 - (4 + -33 + 38).
22
Evaluate -2 + 2 + -5 - -10 - (0 - 5).
10
Evaluate 0 + -2 + (1 - 3) + (-7672 - -7702).
26
Calculate -55 + 13 - (-86 - -43).
1
Evaluate 1 + 11 + (5 - 73 - -46).
-10
Calculate 10 + -7 + 3 + -2 + 3.
7
What is (85 + -73 - (-3 + 28)) + (-1 - 5)?
-19
What is the value of -3 - (-3 - -9) - (-116 - -108) - 17?
-18
What is the value of -25 + 11 - (-17 + 4)?
-1
Evaluate 27 - ((-2 - 0) + 16 + -16 + 8).
21
What is -6 + (9 - (-6 + 8)) + 5?
6
2 + -3 + 7 - 7 - -1
0
What is the value of -7 + (0 - (-19 + 5) - -17)?
24
Evaluate -838 - -836 - (-1 + -25).
24
What is (16 - (-5 + -5 - 2)) + -10?
18
Evaluate (15 - -4) + -5 + 2 + -4.
12
What is the value of -5 - (-12 + 7 - 10)?
10
What is -6 - (-3 + 0 - 26 - (-23 - -20))?
20
(-29 - -27 - (-2 + 1)) + -8
-9
What is -13 + -1 + 